{"id":51,"date":"2022-10-12T18:45:12","date_gmt":"2022-10-12T16:45:12","guid":{"rendered":"http:\/\/atprando.org\/?page_id=51"},"modified":"2026-04-17T15:39:43","modified_gmt":"2026-04-17T13:39:43","slug":"programme-des-randonnees","status":"publish","type":"page","link":"https:\/\/atprando.org\/?page_id=51","title":{"rendered":"Programme des randonn\u00e9es"},"content":{"rendered":"\n<h2 class=\"wp-block-heading\">Consultez le compte rendu du CA du 18 mars 2026 et de la r\u00e9union des Pr\u00e9sidents des club de rando dans \u00ab\u00a0vie de l&rsquo;association<\/h2>\n\n\n\n<hr class=\"wp-block-separator has-alpha-channel-opacity\"\/>\n\n\n\n<hr class=\"wp-block-separator has-text-color has-black-color has-alpha-channel-opacity has-black-background-color has-background is-style-wide\"\/>\n\n\n\n<p>D\u00e8s que le d\u00e9partement sera en vigilance orange les randonn\u00e9es programm\u00e9es seront annul\u00e9es d&rsquo;office.<\/p>\n\n\n\n<p>Si l&rsquo;accompagnateur maintenait sa randonn\u00e9e ce serait sous et seulement sous sa responsabilit\u00e9.<\/p>\n\n\n\n<hr class=\"wp-block-separator has-text-color has-black-color has-alpha-channel-opacity has-black-background-color has-background\"\/>\n\n\n\n<h2 class=\"wp-block-heading\">F\u00eate de la randonn\u00e9e 19 avril<\/h2>\n\n\n\n<p><strong>D\u00e9part: 8h30 Super U de la Cigale<\/strong><\/p>\n\n\n\n<p>Pensez \u00e0 prendre 5 euros pour la participation \u00e0 la randonn\u00e9e.<\/p>\n\n\n\n<div data-wp-interactive=\"core\/file\" class=\"wp-block-file\"><object data-wp-bind--hidden=\"!state.hasPdfPreview\" hidden class=\"wp-block-file__embed\" data=\"https:\/\/atprando.org\/wp-content\/uploads\/2026\/03\/Affiche-A4.pdf\" type=\"application\/pdf\" style=\"width:100%;height:920px\" aria-label=\"Contenu embarqu\u00e9 Affiche A4.\"><\/object><a id=\"wp-block-file--media-61c77b4d-7c5e-439c-a746-786d01359a39\" href=\"https:\/\/atprando.org\/wp-content\/uploads\/2026\/03\/Affiche-A4.pdf\">Affiche A4<\/a><a href=\"https:\/\/atprando.org\/wp-content\/uploads\/2026\/03\/Affiche-A4.pdf\" class=\"wp-block-file__button wp-element-button\" download aria-describedby=\"wp-block-file--media-61c77b4d-7c5e-439c-a746-786d01359a39\">T\u00e9l\u00e9charger<\/a><\/div>\n\n\n\n<p><\/p>\n\n\n\n<blockquote class=\"wp-block-quote is-layout-flow wp-block-quote-is-layout-flow\">\n<p>Bonjour \u00e0 toutes et \u00e0 tous,<\/p>\n\n\n\n<p>Vous trouverez en pi\u00e8ce jointes l&rsquo;affiche de cette 36\u00b0 \u00e9dition ainsi que le flyer.<\/p>\n\n\n\n<p>Les Inscriptions sont possibles d\u00e9s maintenant via helloasso, le co\u00fbt est inchang\u00e9 : 5\u20ac, ou inscription sur place \u00e0 Laval Pradel le 19 avril.<\/p>\n\n\n\n<p><strong>A noter, une initiation \u00e0 la marche rapide &#8211; ou fast hicking &#8211; est propos\u00e9e sur le circuit de 17 km : d\u00e9part group\u00e9 \u00e0 8h.<\/strong><\/p>\n\n\n\n<p>En esp\u00e9rant vous voir nombreux \u00e0 l&rsquo;occasion de cette manifestation.<\/p>\n\n\n\n<p>Cordialement<\/p>\n\n\n\n<figure class=\"wp-block-image\"><img decoding=\"async\" src=\"https:\/\/ci3.googleusercontent.com\/meips\/ADKq_NaoGHqWIwTGC5_zSwN4bTpsS2GqB5Uxjuk0VzHK7C4Dhvu5-tBeHlhsgQBpR2Vx5vfxPdWAv_hY31oDIGLgR5g-34yM-RO5WdEOEfH6W7pyno9vEGRTf4HdK6TzaFRBtw_ADMHrxsrwq1CT=s0-d-e1-ft#https:\/\/cms.ffrandonnee.fr\/data\/CD30\/images\/quadri-logoffrandonnee-gard-cartouche.png\" alt=\"\"\/><\/figure>\n\n\n\n<figure class=\"wp-block-image\"><img decoding=\"async\" src=\"https:\/\/ci3.googleusercontent.com\/meips\/ADKq_NbnMCxcIC3P_5_EnmCD1Lt58NWV3Sal0WwOmG9ytZTcPy6nvJDrlb4bLDGquXmGR4v0TLMuGIytSEUpDBZkR0xhMavK3eSVKKj86Yq2PQYwxhxNCcmHIDX-zdgsIA=s0-d-e1-ft#https:\/\/cms.ffrandonnee.fr\/data\/CD30\/images\/signature-mail-500x90px.jpg\" alt=\"\"\/><\/figure>\n\n\n\n<figure class=\"wp-block-table\"><table class=\"has-fixed-layout\"><tbody><tr><td class=\"has-text-align-left\" data-align=\"left\"><\/td><\/tr><\/tbody><\/table><\/figure>\n<\/blockquote>\n\n\n\n<hr class=\"wp-block-separator has-text-color has-black-color has-alpha-channel-opacity has-black-background-color has-background is-style-wide\"\/>\n\n\n\n<h2 class=\"wp-block-heading\">Rando dimanche 26 avril au Mont Bouquet avec V\u00e9ronique C. Tel:0675234819 et Serge R.<\/h2>\n\n\n\n<p><strong>A\/R 100 Km 30 euros\/voiture<\/strong><\/p>\n\n\n\n<p><strong>D\u00e9part 8h30 avec V\u00e9ronique <\/strong>au super U de la cigale route d&rsquo;ALES<\/p>\n\n\n\n<p>ou Parking de la Mairie de Le Puech<\/p>\n\n\n\n<p>Bons chemins caillouteux sauf 500m un peu techniques, b\u00e2tons recommand\u00e9s.<\/p>\n\n\n\n<p><strong>Bons marcheurs<\/strong>: 12 km, 459 m de d\u00e9nivel\u00e9 jusqu&rsquo;au Mont Bouquet<\/p>\n\n\n\n<p><strong>D\u00e9part 9 h 30 avec Serge<\/strong> au super U de la cigale, route d&rsquo;ALES<\/p>\n\n\n\n<p><strong>Moyens marcheurs<\/strong> 9km, 260m d\u00e9nivel\u00e9 jusqu&rsquo;au Castellas<\/p>\n\n\n\n<p>Ces d\u00e9parts diff\u00e9r\u00e9s nous permettront de pique niquer tous ensemble au Castellas<\/p>\n\n\n\n<hr class=\"wp-block-separator has-text-color has-black-color has-alpha-channel-opacity has-black-background-color has-background is-style-wide\"\/>\n\n\n\n<p><strong>19 avril<\/strong> . F\u00eate de la randonn\u00e9e Le Pradel<\/p>\n\n\n\n<p><strong>26 <\/strong>avril rando moyenne V\u00e9ronique C.<\/p>\n\n\n\n<p><strong>10 mai <\/strong>rando bons marcheurs Toni D.<\/p>\n\n\n\n<p><strong>7 juin&nbsp; <\/strong>rando ?? Serge R.<\/p>\n\n\n\n<p><strong>13 au 20 juin <\/strong>s\u00e9jour \u00e0 Pralognan<\/p>\n\n\n\n<p><\/p>\n","protected":false},"excerpt":{"rendered":"<p>Consultez le compte rendu du CA du 18 mars 2026 et de la r\u00e9union des Pr\u00e9sidents des club de rando dans \u00ab\u00a0vie de l&rsquo;association D\u00e8s que le d\u00e9partement sera en vigilance orange les randonn\u00e9es programm\u00e9es seront annul\u00e9es d&rsquo;office. Si l&rsquo;accompagnateur maintenait sa randonn\u00e9e ce serait sous et seulement sous sa [&hellip;]<\/p>\n","protected":false},"author":5,"featured_media":410,"parent":0,"menu_order":0,"comment_status":"closed","ping_status":"closed","template":"","meta":{"footnotes":""},"class_list":["post-51","page","type-page","status-publish","has-post-thumbnail","hentry"],"_links":{"self":[{"href":"https:\/\/atprando.org\/index.php?rest_route=\/wp\/v2\/pages\/51","targetHints":{"allow":["GET"]}}],"collection":[{"href":"https:\/\/atprando.org\/index.php?rest_route=\/wp\/v2\/pages"}],"about":[{"href":"https:\/\/atprando.org\/index.php?rest_route=\/wp\/v2\/types\/page"}],"author":[{"embeddable":true,"href":"https:\/\/atprando.org\/index.php?rest_route=\/wp\/v2\/users\/5"}],"replies":[{"embeddable":true,"href":"https:\/\/atprando.org\/index.php?rest_route=%2Fwp%2Fv2%2Fcomments&post=51"}],"version-history":[{"count":412,"href":"https:\/\/atprando.org\/index.php?rest_route=\/wp\/v2\/pages\/51\/revisions"}],"predecessor-version":[{"id":1698,"href":"https:\/\/atprando.org\/index.php?rest_route=\/wp\/v2\/pages\/51\/revisions\/1698"}],"wp:featuredmedia":[{"embeddable":true,"href":"https:\/\/atprando.org\/index.php?rest_route=\/wp\/v2\/media\/410"}],"wp:attachment":[{"href":"https:\/\/atprando.org\/index.php?rest_route=%2Fwp%2Fv2%2Fmedia&parent=51"}],"curies":[{"name":"wp","href":"https:\/\/api.w.org\/{rel}","templated":true}]}}

Programme des randonnées

<h2 class="wp-block-heading">Consultez le compte rendu du CA du 18 mars 2026 et de la réunion des Présidents des club de rando dans « vie de l&rsquo;association</h2>



<hr class="wp-block-separator has-alpha-channel-opacity"/>



<hr class="wp-block-separator has-text-color has-black-color has-alpha-channel-opacity has-black-background-color has-background is-style-wide"/>



<p>Dès que le département sera en vigilance orange les randonnées programmées seront annulées d&rsquo;office.</p>



<p>Si l&rsquo;accompagnateur maintenait sa randonnée ce serait sous et seulement sous sa responsabilité.</p>



<hr class="wp-block-separator has-text-color has-black-color has-alpha-channel-opacity has-black-background-color has-background"/>



<h2 class="wp-block-heading">Fête de la randonnée 19 avril</h2>



<p><strong>Départ: 8h30 Super U de la Cigale</strong></p>



<p>Pensez à prendre 5 euros pour la participation à la randonnée.</p>



<div data-wp-interactive="core/file" class="wp-block-file"><object data-wp-bind--hidden="!state.hasPdfPreview" hidden class="wp-block-file__embed" data="https://atprando.org/wp-content/uploads/2026/03/Affiche-A4.pdf" type="application/pdf" style="width:100%;height:920px" aria-label="Contenu embarqué Affiche A4."></object><a id="wp-block-file--media-61c77b4d-7c5e-439c-a746-786d01359a39" href="https://atprando.org/wp-content/uploads/2026/03/Affiche-A4.pdf">Affiche A4</a><a href="https://atprando.org/wp-content/uploads/2026/03/Affiche-A4.pdf" class="wp-block-file__button wp-element-button" download aria-describedby="wp-block-file--media-61c77b4d-7c5e-439c-a746-786d01359a39">Télécharger</a></div>



<p></p>



<blockquote class="wp-block-quote is-layout-flow wp-block-quote-is-layout-flow">
<p>Bonjour à toutes et à tous,</p>



<p>Vous trouverez en pièce jointes l&rsquo;affiche de cette 36° édition ainsi que le flyer.</p>



<p>Les Inscriptions sont possibles dés maintenant via helloasso, le coût est inchangé : 5€, ou inscription sur place à Laval Pradel le 19 avril.</p>



<p><strong>A noter, une initiation à la marche rapide &#8211; ou fast hicking &#8211; est proposée sur le circuit de 17 km : départ groupé à 8h.</strong></p>



<p>En espérant vous voir nombreux à l&rsquo;occasion de cette manifestation.</p>



<p>Cordialement</p>



<figure class="wp-block-image"><img decoding="async" src="https://ci3.googleusercontent.com/meips/ADKq_NaoGHqWIwTGC5_zSwN4bTpsS2GqB5Uxjuk0VzHK7C4Dhvu5-tBeHlhsgQBpR2Vx5vfxPdWAv_hY31oDIGLgR5g-34yM-RO5WdEOEfH6W7pyno9vEGRTf4HdK6TzaFRBtw_ADMHrxsrwq1CT=s0-d-e1-ft#https://cms.ffrandonnee.fr/data/CD30/images/quadri-logoffrandonnee-gard-cartouche.png" alt=""/></figure>



<figure class="wp-block-image"><img decoding="async" src="https://ci3.googleusercontent.com/meips/ADKq_NbnMCxcIC3P_5_EnmCD1Lt58NWV3Sal0WwOmG9ytZTcPy6nvJDrlb4bLDGquXmGR4v0TLMuGIytSEUpDBZkR0xhMavK3eSVKKj86Yq2PQYwxhxNCcmHIDX-zdgsIA=s0-d-e1-ft#https://cms.ffrandonnee.fr/data/CD30/images/signature-mail-500x90px.jpg" alt=""/></figure>



<figure class="wp-block-table"><table class="has-fixed-layout"><tbody><tr><td class="has-text-align-left" data-align="left"></td></tr></tbody></table></figure>
</blockquote>



<hr class="wp-block-separator has-text-color has-black-color has-alpha-channel-opacity has-black-background-color has-background is-style-wide"/>



<h2 class="wp-block-heading">Rando dimanche 26 avril au Mont Bouquet avec Véronique C. Tel:0675234819 et Serge R.</h2>



<p><strong>A/R 100 Km 30 euros/voiture</strong></p>



<p><strong>Départ 8h30 avec Véronique </strong>au super U de la cigale route d&rsquo;ALES</p>



<p>ou Parking de la Mairie de Le Puech</p>



<p>Bons chemins caillouteux sauf 500m un peu techniques, bâtons recommandés.</p>



<p><strong>Bons marcheurs</strong>: 12 km, 459 m de dénivelé jusqu&rsquo;au Mont Bouquet</p>



<p><strong>Départ 9 h 30 avec Serge</strong> au super U de la cigale, route d&rsquo;ALES</p>



<p><strong>Moyens marcheurs</strong> 9km, 260m dénivelé jusqu&rsquo;au Castellas</p>



<p>Ces départs différés nous permettront de pique niquer tous ensemble au Castellas</p>



<hr class="wp-block-separator has-text-color has-black-color has-alpha-channel-opacity has-black-background-color has-background is-style-wide"/>



<p><strong>19 avril</strong> . Fête de la randonnée Le Pradel</p>



<p><strong>26 </strong>avril rando moyenne Véronique C.</p>



<p><strong>10 mai </strong>rando bons marcheurs Toni D.</p>



<p><strong>7 juin&nbsp; </strong>rando ?? Serge R.</p>



<p><strong>13 au 20 juin </strong>séjour à Pralognan</p>



<p></p>

<p>Consultez le compte rendu du CA du 18 mars 2026 et de la réunion des Présidents des club de rando dans « vie de l&rsquo;association Dès que le département sera en vigilance orange les randonnées programmées seront annulées d&rsquo;office. Si l&rsquo;accompagnateur maintenait sa randonnée ce serait sous et seulement sous sa [&hellip;]</p>
